6 + 2151*k**3 - 2152*k**3. Let c(y) = 2*y - 3. Let s be c(3). Suppose -2*d + 4 = 2*g, -s*d = -2*g - d + 16. What is q(g)?
3
Let p(d) = -73*d**3 + 21*d**2 + d - 25. Let g(t) = -85*t**3 + 25*t**2 + 2*t - 25. Let o(j) = 6*g(j) - 7*p(j). What is o(-3)?
10
Let f = 15237 - 15242. Let l(u) = u**2 + 3*u + 13. Determine l(f).
23
Let z(l) = -l**3 - 4*l**2 - 6*l + 45. Let t be z(0). Let n(u) = -2 + 3 - 1 + 5*u**2 - t*u**3 + 2*u + 48*u**3. Determine n(-3).
-42
Let h(r) be the first derivative of 5*r**2/2 + 23*r - 24. Suppose o - 4*g - 36 = 6*o, -4*g = 3*o + 28. Let b be h(o). Let n(a) = a + 1. What is n(b)?
4
Let n = 29 + -20. Let a(i) = 4*i - 28. Let b be a(n). Let v(p) = p**3 - 9*p**2 + 10*p - 11. Give v(b).
5
Let t(a) = 20*a + 95. Let g(d) = -45*d - 194. Let k(u) = -3*g(u) - 7*t(u). Give k(-16).
-3
Let k(s) = -18*s - 11. Let v(n) = 52*n + 32. Let y(o) = -o**2 + 26*o + 70. Let d be y(-3). Let x(a) = d*k(a) - 6*v(a). Give x(-4).
19
Let s(o) = -o - 912 + 4*o**2 - 4*o**2 - 11*o**3 + 10*o**3 + 900. Let l(i) = -i + 5. Let t be 2 + ((-6)/2)/(-1). Let n be l(t). Determine s(n).
-12
Let i(d) be the first derivative of -1/4*d**4 + 13 + 5/3*d**3 - 3/2*d**2 - 3*d. Let b = 7 + -4. Calculate i(b).
6
Let i = 7 - 11. Let v(u) = -4*u**3 + 16*u**2 - 3*u + 20. Let z(y) = 3*y**3 - 11*y**2 + 2*y - 14. Let x(m) = 5*v(m) + 7*z(m). Determine x(i).
-10
Suppose -5*l = 3*y + 41 + 9, 4*l = 4*y - 8. Let w(h) be the first derivative of -h**2/2 - 7*h - 6163. Calculate w(l).
0
Suppose -91*r = -31 + 759. Let d(x) be the second derivative of x**3/3 - 2*x**2 - x. Calculate d(r).
-20
Let l(y) = -y**3. Suppose -111*r = -115*r + 56. Suppose -6*f + r = -20*f. Determine l(f).
1
Let t(q) be the third derivative of -q**5/30 - 5*q**4/24 + 15*q**3 + 3*q**2 + 56*q + 6. Give t(6).
-12
Let q(y) = -4*y - 6 + 33*y**3 - 27 + 0*y - 4*y**2 - 32*y**3 + 13. Calculate q(6).
28
Suppose -5*a - 20 = -4*v, 4*a - 8*a + 25 = 5*v. Let s be (v/10)/(-1)*-2. Let m(n) = -24*n - 1. Give m(s).
-25
Let a(o) = -119*o + 11 - 8*o**2 + 6 + 128*o - o**3. Let z be a(-9). Let p(s) = 3 + z*s + s**3 + 19*s - 29*s + 7*s**2. Calculate p(-6).
-3
Let b(l) = 5*l**3 - 9*l**2 - 7*l + 7. Let p(o) = 11*o**3 - 19*o**2 - 14*o + 16. Suppose 75*m - 74*m = 9. Let w(g) = m*b(g) - 4*p(g). Calculate w(6).
-7
Let f(r) = -1. Let u(d) = d**2 + 7*d - 3. Let o be 1/((-3 + 1)/(-2)). Let k(j) = o*u(j) + 2*f(j). Suppose 97*a + 348 = 39*a. Calculate k(a).
-11
Let d be (64/(-8) - -31)/((-2)/6). Let q = d + 6. Let c = 59 + q. Let w(k) = -2*k + 3. Give w(c).
11
Let h(b) be the second derivative of b**4/12 - 7*b**3/6 + 5*b**2/2 + 3178*b - 3. Suppose 0 = -3*r + r + 14. Calculate h(r).
5
Let h(w) be the third derivative of w**4/12 + 5*w**3/6 - 20*w**2 - 5*w. Suppose -s - s = -4. Suppose -4 = s*n + 8. Calculate h(n).
-7
Let c(v) = -33*v**3 - 8*v**2 - 13*v. Let m(h) = 29*h**3 + 8*h**2 + 14*h + 1. Let x(z) = 7*c(z) + 8*m(z). Determine x(-6).
-46
Suppose 4*k + 5*c = 0, 8 = 2*k - c - 6. Suppose 8 = -k*j + 6*j. Let s(o) = j*o - 21 - 24 - o**2 - 26 + 67. Calculate s(4).
12
Let m(o) = -6*o**3 + 11*o**3 + 0*o**2 + 11 - 13*o - 5*o**2 - 6*o**2 - 4*o**3. What is m(12)?
-1
Let s(p) = 4*p**3 - 2*p**2 + p. Let v = 10561 - 10560. Give s(v).
3
Let y(k) be the third derivative of 0*k**3 + 2*k**2 + 0 - 1/20*k**5 + 0*k - 1/8*k**4. Let q be (-6)/2 + 1 + 0. What is y(q)?
-6
Let w(q) = -110*q**3 + 3*q**2 - 2*q + 8. Let a(b) = 37*b**3 - 2*b**2 + b - 2. Let s(k) = -3*a(k) - w(k). Let o(g) = g**2. Let v be o(2). Determine s(v).
-22
Let b(y) = -6*y**2 - 8 - 3*y - 2*y**3 - 3*y - 2*y**3 + 3*y**3 - 8*y. Give b(-5).
37
Suppose 0 = 5*f + 15*f - 796 + 576. Let m(w) = -10*w + 26. Give m(f).
-84
Let n(k) = -k**3 + 6*k**2 - k + 4. Let t be n(6). Suppose -7*q + 21 + 7 = 0. Let r(p) = q + 1 - 7 + 4*p. What is r(t)?
-10
Let t(q) = 327865*q - 655729*q + 4*q**2 + 327867*q. Calculate t(-2).
10
Let l(q) = q - 16. Let w(y) = -57. Let d(r) = 7*l(r) - w(r). Give d(19).
78
Suppose 247 = 12*b - 3773. Let h(j) = -336*j - 3 - b*j + 672*j. What is h(-6)?
-9
Suppose -27*s + 29*s = 4. Let d(n) = -n + 4. Let z(j) = 2*j - 2. Let o(r) = s*d(r) + 3*z(r). Suppose -17 = -4*i - 5*p, 33 = -0*i - 4*i + 5*p. Give o(i).
-6
Let i be 713/(-9) + -1 - (-14)/63. Let z = i + 58. Let r = -24 - z. Let o(w) = 9*w + 2. Calculate o(r).
-16
Let m be -180 + (-8)/(-5 + 3) - -1. Let z = -172 - m. Let o(n) be the second derivative of -n**4/12 + n**3/6 + 3*n**2/2 + 6*n. Calculate o(z).
-3
Suppose -5*k + 106 = 2*a, a = -3*k - a + 66. Suppose 0*d - 4 = -h + 2*d, -5*h + k = -5*d. Let x(n) = -n - 3*n + 2*n + h. Give x(4).
-4
Let c(g) = -g**2 - g - 4. Suppose 13350 = -30*h - 2790. Let r = -543 - h. Give c(r).
-24
Let s(c) = -c**3 + c**2 + 9. Let p(q) be the second derivative of q**3/6 - 15*q**2 + 44*q. Let a be p(30). Determine s(a).
9
Let q be ((-26)/12 - 368/(-138))*36. Let l(f) = -14*f + 254. Determine l(q).
2
Let o(t) = -3*t**2 + 26*t + 29. Let m(q) = -7*q**2 + 51*q + 92. Let j(z) = 2*m(z) - 5*o(z). What is j(26)?
-13
Suppose -8*n + 49 + 23 = 0. Suppose 0 = 5*u - 4 + n. Let j(s) be the third derivative of -11*s**6/120 + s**5/30 + s**4/24 + 15*s**2. What is j(u)?
12
Let t(n) = -8*n**2 - 6*n - 6. Let l be (((-6)/4)/(-1))/(1/2*-3). What is t(l)?
-8
Let v(a) = a + 11. Let i(j) = -78*j - 151. Let m be i(-2). Suppose m*s - 11 = -11. Determine v(s).
11
Let h(p) = 70 + 69 + 103*p - 138 - 102*p. What is h(4)?
5
Let w be (-1)/(-6) + (-248)/48. Let h be (-24)/(-10)*(1/3 + 3). Let s(l) = 7*l + 2 + l - h*l - l. Determine s(w).
7
Let v(t) be the first derivative of -t**2/2 + 2*t - 250. Let w(n) be the first derivative of n**2/2 + 2. Let k(m) = -v(m) - 4*w(m). Give k(-4).
10
Let k(p) be the first derivative of -p**4/4 - 29*p**3/3 - 25*p**2/2 + 54*p + 1241. What is k(-28)?
-30
Let f(q) = -19*q**2 + 9*q - 177. Let w(s) = 11*s**2 + 4*s - 1. Let t(y) = f(y) + 2*w(y). Give t(-11).
-3
Let w(v) = -5*v**2 - 4*v**3 + 3*v**2 - v + 0*v**2. Let o be 47 + -38 + 42 - 52. Determine w(o).
3
Let a be (3*2 - 0)/((-42)/28). Let q(g) = -3*g - 2*g + g**3 + 500*g**2 - 497*g**2. Calculate q(a).
4
Let c(x) be the first derivative of x**3/3 - 3*x**2 - 2*x - 601. Let s(m) = -m**3 + 2*m**2 + m + 1. Let i be 24/10 - 8/20. Let h be s(i). Give c(h).
-11
Suppose -4*a - 6*l + 118 = 0, -4206*a + 4207*a - 5*l + 81 = 0. Let z(s) = -s**2 - 5*s + 6. Let n(t) = -t + 1. Let f(j) = 4*n(j) - z(j). Calculate f(a).
18
Let m(h) be the second derivative of -h**5/20 + 5*h**4/12 + 5*h**3/6 + 3*h + 328. Determine m(6).
-6
Suppose 0 = -5*b + 24 + 26. Let g be (3/(-2))/((27/b)/(-9)). Let z(d) = d**2 + 3*d - 5. Let i(l) = -2*l + 2. Let m(c) = g*i(c) + 2*z(c). What is m(3)?
6
Suppose 5*r = 4*c + 164, -c = 2*r - 21 - 55. Let o = r + -32. Suppose q + 2*f = -0*q + 1, -4*q - o*f + 8 = 0. Let t(m) = -m**3 + 3*m**2 - 3*m + 1. Give t(q).
-8
Suppose 462 = -26*t - 5700. Let q = t + 235. Let j(r) = -r**2 + 1 - 2*r - r - r. Calculate j(q).
5
Let v be (-51)/7 + 2/7. Let q be (-3)/(-4) + 3/(-4). Let u(h) = -14*h + q - 19 + 7 + 15*h + 4. Determine u(v).
-15
Suppose 6*u + 3*q = 5*u + 17, -3*q + 15 = 0. Let a(t) = 0*t**2 + 21*t**2 + 14*t**u - 2 + 3 - 17*t**2. Determine a(1).
19
Let n(z) = z**3 - 6*z**2 - 8*z + 6. Suppose 0 = 45*a - 47*a + 84. Let i be a/(-2)*(3 + 50/(-15)). Determine n(i).
-1
Let m(q) = q**3 + 2*q**2 + q + 2. Let i = -5 - -10. Suppose 0 = -4*b - j - 357, i*b + 4*j + 379 = -81. Let d = b - -86. Determine m(d).
0
Let j(g) = -g. Let d(k) = 5*k + 8 - 6*k - 9. Let v(r) = 3*d(r) - 4*j(r). Give v(5).
2
Let v(n) = n - 2. Let j(m) = -15. Let t(f) = -3*j(f) + 6*v(f). What is t(-6)?
-3
Let d(l) = 253 + 13*l - 28*l**3 + 4*l**2 + 29*l**3 - 246 - 12*l. Let w = 44 - 47. Give d(w).
13
Let h(p) = p - 3*p + 0 + 5*p + 8. Let j = 7 + -2. Suppose -o - 21 = 5*m - m, -3*m = -j*o + 33. What is h(m)?
-10
Let l(m) = -m**2 + 5*m + 12. Let r be 3 - 294/(-24) - (-8)/(-32). Give l(r).
-138
Suppose 3*d - 1785 + 1803 = 3*n, -4*d = 2*n - 24. Suppose v - 2*v + 5 = a, 5*a - v = 7. Let w(y) = y**2 - 13*y + 0*y**a + 7 + 3*y. Give w(n).
-9
Let r(v) be the second derivative of v**7/2520 - v**6/72 + v**5/30 - v**4/4 - 7*v**2/2 + 3*v. Let b(w) be the third derivative of r(w). Calculate b(4).
-20
Let z(r) = -2*r**2 - 17*r - 13. Let d be z(-7). Let i(p) = p**2 + 3*p - 4*p - d*p - 11 + 10*p. Determine i(0).
-11
Suppose 2359 = 82*g - 757. Let o